u = -127 - -190. What is the units digit of u?
3
Let y = -14 - -23. Suppose -i - 3*o - 9 = -8*o, 0 = o. What is the tens digit of i*(-3)/(y/4)?
1
Suppose -3 = -2*d + d. Let k(u) = -u**2 + 2*u - 4. Let s be k(d). Let i = 10 + s. What is the units digit of i?
3
Let a(l) = 8*l**2 + 3*l - 2. What is the units digit of a(4)?
8
What is the tens digit of 46 + (-6)/3 + (-4 - -1)?
4
Let j(c) = 8*c + 4. Let i be j(-3). Let h = i + 50. What is the units digit of h?
0
What is the tens digit of -6*(3 + -14) + 4 + 1?
7
Suppose 3*j + j - 7 = -5*y, -3*y - 5*j = -12. Let i(p) = -10*p - 1. What is the units digit of i(y)?
9
Let j(v) = -v**2 - 5*v + 1. Let s be j(-5). Suppose -3*g = -3*y - 3, -4*g = -g - 4*y + s. What is the units digit of 1*13 - (-2 + g)?
0
Let q(t) = 3 + 2 - t - 6. What is the units digit of q(-4)?
3
Let j = -100 - -117. What is the units digit of j?
7
Let w be ((-18)/(-12))/(6/8). Suppose -2*d + w = -26. What is the tens digit of d?
1
Let i = 261 - 104. What is the hundreds digit of i?
1
Let q(x) = -2*x + 3. Let y be q(2). Let l(s) = -12*s - 1. What is the units digit of l(y)?
1
Let y(h) = -h**2 + h + 5. Let z = 3 - 3. What is the units digit of y(z)?
5
Suppose 5*o + 70 = 5*a, 7 = -2*a - 0*o - 5*o. What is the units digit of a?
9
Let f(l) = 4*l**2 + 3*l - 10. What is the units digit of f(-5)?
5
Let u be (38 - 0)*(-7)/14. Let n = -9 - u. What is the tens digit of (-4)/n + 164/10?
1
Suppose 5*m = -g - 26, 3*m + 1 = g - 13. What is the units digit of (-90)/m - (0 + 0)?
8
Suppose -6*q + 7*q = 0. Let i be q/1 + 4 - -1. Suppose 0 = -w + 5*m - 14, 2*w - 1 = 4*m - i. What is the units digit of w?
6
Let t be ((-21)/(-6) - 3)*-6. Let k be 81/(-12) + t/(-4). Let n = -4 - k. What is the units digit of n?
2
Let y = -7 - -7. Suppose y*b + 32 = 4*b. What is the units digit of (-3)/(-12)*b/2?
1
Suppose -2*a = -7*a + 330. What is the units digit of a?
6
What is the tens digit of 27/2 + (-2)/4?
1
Let v = 15 - 6. What is the units digit of v?
9
What is the tens digit of (-5)/(-20) + 127/4?
3
Suppose 5*u = u + 24. Let g(o) = o**2 - 2*o - 4. Let a(w) = -3*w**2 + 7*w + 12. Let s(t) = -3*a(t) - 8*g(t). What is the units digit of s(u)?
2
Suppose -3*z + 12*z = 1161. What is the tens digit of z?
2
Let j(b) = b + 40. Let w be j(0). Suppose -11*n - n + 2*n = 0. Suppose n - w = -5*i. What is the units digit of i?
8
Suppose -k + 3 - 1 = -2*g, 2*k + g - 4 = 0. Let z(i) = -7 + k*i - 1 + 3. What is the units digit of z(6)?
7
Suppose 5*l = -58 + 323. What is the tens digit of l?
5
Suppose x - 5*x + 48 = 4*c, -4 = -c. Let u = -6 + x. What is the units digit of u?
2
Suppose n + 2*n = 189. Suppose 5*f = -5 - 0, -n = -5*q - 2*f. What is the tens digit of q?
1
Let i(w) = -w**2 + 6*w - 6. Let m be i(4). Suppose 0 = -5*l, -m*o + 71 = l + 11. What is the tens digit of o?
3
Let q = 34 + 2. What is the tens digit of q?
3
Let a(z) = -z**3 + 15*z**2 + 17*z + 35. What is the units digit of a(16)?
1
Let s(b) = -b - 6. Let a be s(-6). Suppose -2*w - o = -7, o + a*o = -w + 2. What is the units digit of w?
5
Let t(z) = -4*z - 1. Let r(q) = q + 1. Let j(c) = 3*r(c) + t(c). Let g = 33 + -37. What is the units digit of j(g)?
6
Let z(o) = o**3 + 7*o**2 - 12*o - 5. Let v be z(-8). Let a = v - 3. What is the units digit of a?
4
Let m = -134 + 199. What is the units digit of m?
5
Suppose -5*k = 5*a - 105, -5*k = -k + a - 84. What is the tens digit of k?
2
Let n(p) = -p**3 + 4*p**2 + 2. Let q be n(4). Suppose -k + d - 5 = -13, 5*d = q*k - 28. Suppose -k*o + 0 = -4. What is the units digit of o?
1
Suppose 12*w = -w + 2782. What is the hundreds digit of w?
2
Let r be (-1725)/(-11) + 10/55. Suppose 0 = 3*x + 4*q - r + 65, x = 4*q + 20. What is the tens digit of x?
2
Let z(w) = -w**3 + 9*w**2 - 5*w + 11. Let f be z(8). Let l = f - 6. Suppose l - 11 = 2*i - 4*q, i = -q + 3. What is the units digit of i?
5
Let b(h) = 3*h + 1. Let s(g) = -16*g - 6. Let d(i) = -11*b(i) - 2*s(i). Suppose 5*r = -5*p - 0*r - 25, -2*p = -4*r + 4. What is the units digit of d(p)?
5
Suppose -3*k + 0*x + 75 = -3*x, -2*k = -3*x - 49. Let l(h) = -h**2 - 3*h + 9. Let f be l(3). Let p = k + f. What is the tens digit of p?
1
Let b(t) = -t**2 - 5*t - 6. Let r(j) = j + 1. Let g(n) = b(n) - 5*r(n). Let l be g(-9). What is the units digit of (15/l)/(4/(-8))?
5
Suppose -3*l - 5*s = 4, 2*s - 4*s = -2. What is the tens digit of ((-104)/12)/(2/l)?
1
Let s(g) = -4*g**2 - 3*g + 4. Let r be s(4). Let l = 105 + r. What is the tens digit of l?
3
Let y be (2 - 0 - 11)*-5. Suppose y = 2*u + j, 0 = 5*u - j + 6*j - 110. What is the units digit of u?
3
Let j = 54 + -42. What is the tens digit of j?
1
Let m(i) = 1 - 2*i + 6 + 9*i - i**2. What is the units digit of m(5)?
7
Suppose x = 3*x - 3*z - 97, z = x - 47. What is the units digit of x?
4
Let s(d) = d**3 + 3*d + 0*d - 7*d**2 + 14*d**2 - 7. Suppose -h = 6 - 0. What is the tens digit of s(h)?
1
Let v(c) = c - 3. What is the units digit of v(6)?
3
Let u(a) be the second derivative of -a**3/3 - 4*a**2 + 2*a. Let z be u(6). Let v = -3 - z. What is the tens digit of v?
1
Suppose 3*m = -h - m - 61, 5*m = -3*h - 155. Let s = h + 88. What is the units digit of s?
3
Let i = -41 + 81. What is the tens digit of (208/i)/(2/10)?
2
Let b(x) = -x**3 + 10*x**2 + x + 9. Let j be b(9). Suppose 4*m - j = 101. What is the units digit of m?
0
Suppose -3*n + 8 = -4*c, 3*n + 0*n - 4 = 2*c. Suppose 102 = -3*g - n*g. What is the units digit of g/(-4) + (-2)/4?
8
Suppose 0*l = -5*l + 75. What is the tens digit of (36/l)/(3/20)?
1
Let s = 548 - 267. What is the units digit of s?
1
Let r(u) = 17*u**2 + 3*u - 2. What is the units digit of r(1)?
8
Let d(k) = -k**3 - 5*k**2 - 4*k + 3. Let q be d(-4). Suppose -3*u + 8 = w, q*u = 2*w - 0*w + 2. Suppose o = 2 + u. What is the units digit of o?
4
Suppose 8*j = 13*j - 40. What is the units digit of j?
8
Let r be 1*(-5 - -3) + 6. Suppose l + 1 = r. Let d(z) = z**2 + 2*z - 4. What is the tens digit of d(l)?
1
Let m = 80 + -9. What is the tens digit of m?
7
Suppose -g + 5*n = -49, -3*n + 75 = 5*g - 2*g. Suppose 5*u = g - 4. Let r = 9 - u. What is the units digit of r?
4
Suppose 15 = 4*w - 29. What is the units digit of w?
1
Suppose 0 = -5*s + g + 12, s + 4 = -g - 2*g. Suppose h = r - 29, -2*r = -s*h + 3*h - 43. What is the units digit of r?
4
Let j = -191 + 337. Suppose -3*d + 94 = 2*w, -3*w - j = -5*d - w. What is the units digit of d?
0
Suppose -5*r + 3*f - 48 = 0, -60 + 8 = 4*r + f. Let v = 7 - r. What is the tens digit of v?
1
Suppose -2 = y - i, -3*i + 1 = y + 11. Let p = 1 - y. What is the units digit of p?
5
Let p = 23 + -16. Let k(d) be the third derivative of -d**6/120 + 2*d**5/15 - d**4/4 - 2*d**3/3 + d**2. What is the units digit of k(p)?
3
Let s(n) = n**3 + n**2 + 2*n - 1. Let m be s(-2). Let u = m + 12. Suppose r + g = -10 + 27, r - 1 = u*g. What is the tens digit of r?
1
Let h(d) = 19*d + 2. What is the tens digit of h(4)?
7
Let y = -19 - -27. Suppose -y*v = -6*v - 2. What is the units digit of (-3)/(-1)*v/3?
1
Suppose -2*h - 25 = 3*r, 4*r + 3*h = h - 30. Let a be r - 6/3*-1. Let v = a + 10. What is the units digit of v?
7
Let g(y) = -35*y**3 + y**2 + 4*y**3 + 6*y**3. What is the units digit of g(-1)?
6
Let d(j) = -j - 5 + j + j + 12. Let a be d(-7). Let n = a + 7. What is the units digit of n?
7
Let r(z) = z**2 + 8*z - 4. Suppose -3*j - 6 = m + 11, -4*m - 44 = 4*j. Let a be r(m). What is the units digit of -1 - (a*1 + -1)?
4
Suppose 0 = u - s - 109, -4*u + 5*s + 433 = -0*s. What is the hundreds digit of u?
1
What is the tens digit of -1 + 5/(-15)*-921?
0
Suppose 7*d - 72 = d. What is the tens digit of d?
1
Let c(a) = 12*a - 8. Let h be c(-6). Let m = -34 - h. What is the tens digit of m?
4
Suppose -29 = -t - 10. Suppose v + 5 - t = 0. What is the tens digit of v?
1
Let m = 30 - -3. What is the units digit of m?
3
Suppose c = 4*y + 274, 7*c - 3*c + 5*y - 1033 = 0. What is the tens digit of c?
6
Let f be (-6)/8 + (-19)/(-4). Suppose 2*m - f = 18. What is the units digit of m?
1
Let o = 7 - 5. Suppose 0 = -u - o*d + 2, 32 = 4*u - 0*d - 4*d. What is the units digit of u?
6
Let x = 96 - 8. Let f = x + -62. What is the units digit of f/4 - (-4)/8?
7
What is the units digit of (-160)/(-5) - (-2)/2?
3
Suppose -15*f - 3700 = -25*f. What is the tens digit of f?
7
Let h = -54 + 111